{"id":149,"date":"2018-03-20T15:48:09","date_gmt":"2018-03-20T14:48:09","guid":{"rendered":"https:\/\/internet.de\/?page_id=149"},"modified":"2018-03-23T10:38:32","modified_gmt":"2018-03-23T09:38:32","slug":"ssl-ca","status":"publish","type":"page","link":"https:\/\/internet.de\/?page_id=149","title":{"rendered":"SSL CA"},"content":{"rendered":"<div id=\"themify_builder_content-149\" data-postid=\"149\" class=\"themify_builder_content themify_builder_content-149 themify_builder\">\n\n    \n\t\t<!-- module_row -->\n\t\t<div  class=\"themify_builder_row module_row clearfix module_row_0 themify_builder_149_row module_row_149-0\">\n\t\t\t\t\t\t<div class=\"row_inner col_align_top\" >\n                                    <div  class=\"module_column tb-column col-full first tb_149_column module_column_0 module_column_149-0-0\" >\n                                                                <div class=\"tb-column-inner\">\n                            \n\n<!-- module text -->\n<div  id=\"text-149-0-0-0\" class=\"module module-text text-149-0-0-0  repeat  \">\n    <!--insert-->\n            <h3 class=\"module-title\">SSL\/TLS Zertifizierungsstelle<\/h3>    \n        <p>Interactive Network \u00fcbertr\u00e4gt sensible Daten immer verschl\u00fcsselt \u00fcber das Internet. In vielen F\u00e4llen kommt dabei das Protokoll SSL\/TLS zum Einsatz.<\/p><p>Um alle M\u00f6glichkeiten von SSL\/TLS nutzen zu k\u00f6nnen, betreibt Interactive Network eine Zertifizierungsstelle, die eigene SSL-Zertifikate ausstellt. F\u00fcr einen komfortablen und sicheren Zugang zu unseren Diensten, sollten Sie das <a href=\"https:\/\/internet.de\/static\/interactive-network2.crt\">Stammzertifikat unserer Zertifizierungsstelle<\/a> installieren und, nach Pr\u00fcfung des digitalen Fingerabdrucks, als vertrauensw\u00fcrdig akzeptieren.<\/p><pre>SHA-256:  23:44:0A:68:A4:F8:25:45:87:7E:E8:71:11:A8:B2:84:8F:03:13:01:71:EC:32:FD:CB:68:CC:44:45:B3:9D:AA<br \/>SHA-1:    B7:47:6E:F3:43:AD:1F:8E:F4:AF:2B:F3:F1:EA:99:29:F5:45:EB:50\n<\/pre>        <\/div>\n<!-- \/module text -->\n\n                        <\/div>\n                    \t\t<\/div>\n\t\t                                <\/div>\n                                <!-- \/row_inner -->\n                        <\/div>\n                        <!-- \/module_row -->\n\t\t<\/div>\n","protected":false},"excerpt":{"rendered":"<p>SSL\/TLS Zertifizierungsstelle Interactive Network \u00fcbertr\u00e4gt sensible Daten immer verschl\u00fcsselt \u00fcber das Internet. In vielen F\u00e4llen kommt dabei das Protokoll SSL\/TLS zum Einsatz. Um alle M\u00f6glichkeiten von SSL\/TLS nutzen zu k\u00f6nnen, betreibt Interactive Network eine Zertifizierungsstelle, die eigene SSL-Zertifikate ausstellt. F\u00fcr einen komfortablen und sicheren Zugang zu unseren Diensten, sollten Sie das Stammzertifikat unserer Zertifizierungsstelle installieren [&hellip;]<\/p>\n","protected":false},"author":1,"featured_media":0,"parent":0,"menu_order":0,"comment_status":"closed","ping_status":"closed","template":"","meta":{"footnotes":""},"_links":{"self":[{"href":"https:\/\/internet.de\/index.php?rest_route=\/wp\/v2\/pages\/149"}],"collection":[{"href":"https:\/\/internet.de\/index.php?rest_route=\/wp\/v2\/pages"}],"about":[{"href":"https:\/\/internet.de\/index.php?rest_route=\/wp\/v2\/types\/page"}],"author":[{"embeddable":true,"href":"https:\/\/internet.de\/index.php?rest_route=\/wp\/v2\/users\/1"}],"replies":[{"embeddable":true,"href":"https:\/\/internet.de\/index.php?rest_route=%2Fwp%2Fv2%2Fcomments&post=149"}],"version-history":[{"count":20,"href":"https:\/\/internet.de\/index.php?rest_route=\/wp\/v2\/pages\/149\/revisions"}],"predecessor-version":[{"id":211,"href":"https:\/\/internet.de\/index.php?rest_route=\/wp\/v2\/pages\/149\/revisions\/211"}],"wp:attachment":[{"href":"https:\/\/internet.de\/index.php?rest_route=%2Fwp%2Fv2%2Fmedia&parent=149"}],"curies":[{"name":"wp","href":"https:\/\/api.w.org\/{rel}","templated":true}]}}